{"id":4693,"date":"2020-10-28T13:49:33","date_gmt":"2020-10-28T13:49:33","guid":{"rendered":"https:\/\/francogaffuri.com\/?page_id=4693"},"modified":"2024-09-27T08:12:14","modified_gmt":"2024-09-27T08:12:14","slug":"federacciai-gallery","status":"publish","type":"page","link":"https:\/\/francogaffuri.com\/?page_id=4693","title":{"rendered":"Federacciai"},"content":{"rendered":"<div id='av_section_1'  class='avia-section main_color avia-section-no-padding avia-no-border-styling avia-bg-style-scroll  avia-builder-el-0  avia-builder-el-no-sibling   container_wrap fullsize' style=' '  ><div class='container' ><main  role=\"main\" itemprop=\"mainContentOfPage\"  class='template-page content  av-content-full alpha units'><div class='post-entry post-entry-type-page post-entry-4693'><div class='entry-content-wrapper clearfix'>\n<div  style='padding-bottom:0px; margin-top:40px; margin-bottom:40px; font-size:3vw;' class='av-special-heading av-special-heading-h4  blockquote modern-quote  avia-builder-el-1  el_before_av_slideshow  avia-builder-el-first  av-inherit-size '><h4 class='av-special-heading-tag  av-medium-font-size-overwrite av-medium-font-size-40 av-small-font-size-overwrite av-small-font-size-40 av-mini-font-size-overwrite av-mini-font-size-40'  itemprop=\"headline\"  >Federacciai gallery<\/h4><div class='special-heading-border'><div class='special-heading-inner-border' ><\/div><\/div><\/div>\n<div   data-size='no scaling'  data-lightbox_size='large'  data-animation='slide'  data-conditional_play=''  data-ids='4700'  data-video_counter='0'  data-autoplay='false'  data-bg_slider='false'  data-slide_height=''  data-handle='av_slideshow'  data-interval='5'  data-class=' avia-builder-el-2  el_after_av_heading  el_before_av_textblock  '  data-el_id=''  data-css_id=''  data-scroll_down=''  data-control_layout='av-control-default'  data-custom_markup=''  data-perma_caption=''  data-autoplay_stopper=''  data-image_attachment=''  data-min_height='0px'  class='avia-slideshow avia-slideshow-1  av-control-default av-default-height-applied avia-slideshow-no scaling av_slideshow  avia-builder-el-2  el_after_av_heading  el_before_av_textblock   avia-slide-slider '  itemprop=\"image\" itemscope=\"itemscope\" itemtype=\"https:\/\/schema.org\/ImageObject\" ><ul class='avia-slideshow-inner ' style='padding-bottom: 78.88%;' ><li  class=' av-single-slide slide-1 ' ><div data-rel='slideshow-1' class='avia-slide-wrap '   ><img src='https:\/\/francogaffuri.com\/wp-content\/uploads\/2020\/10\/FEDERACCIAI-GALLERY-1.jpg' width='2500' height='1972' title='' alt=''  itemprop=\"thumbnailUrl\"   \/><\/div><\/li><\/ul><\/div>\n<section class=\"av_textblock_section \"  itemscope=\"itemscope\" itemtype=\"https:\/\/schema.org\/CreativeWork\" ><div class='avia_textblock  av_inherit_color '  style='color:#000000; '  itemprop=\"text\" ><p>L\u2019acciaio \u00e8 vivo, l\u2019acciaio \u00e8 infinito. E l\u00e0 dove lo usi non sbagli mai.<br \/>\nIndistruttibile, l\u2019acciaio vince tutte le sfide a cui viene sottoposto.<br \/>\nL\u2019acciaio italiano \u00e8 presente in tutto il mondo nei pi\u00f9 diversi settori produttivi e d\u00e0 soddisfazione a ingegneri, architetti, designer, e continua a darla anche a noi.<br \/>\n\u00c8 diventato un amico che abbiamo al nostro fianco da pi\u00f9 di dieci anni.<br \/>\nGrazie Acciaio, grazie Federacciai.<br \/>\nLa nostra creativit\u00e0 \u00e8 infinita come l\u2019acciaio e siamo pronti per affrontare insieme sfide future.<\/p>\n<\/div><\/section>\n\n","protected":false},"excerpt":{"rendered":"","protected":false},"author":2,"featured_media":0,"parent":0,"menu_order":0,"comment_status":"closed","ping_status":"closed","template":"","meta":{"footnotes":""},"class_list":["post-4693","page","type-page","status-publish","hentry"],"yoast_head":"<!-- This site is optimized with the Yoast SEO plugin v15.9.2 - https:\/\/yoast.com\/wordpress\/plugins\/seo\/ -->\n<title>Federacciai - Franco Gaffuri<\/title>\n<link rel=\"canonical\" href=\"https:\/\/francogaffuri.com\/?page_id=4693\" \/>\n<meta property=\"og:locale\" content=\"en_US\" \/>\n<meta property=\"og:type\" content=\"article\" \/>\n<meta property=\"og:title\" content=\"Federacciai - Franco Gaffuri\" \/>\n<meta property=\"og:url\" content=\"https:\/\/francogaffuri.com\/?page_id=4693\" \/>\n<meta property=\"og:site_name\" content=\"Franco Gaffuri\" \/>\n<meta property=\"article:publisher\" content=\"https:\/\/www.facebook.com\/FrancoGaffuri\" \/>\n<meta property=\"article:modified_time\" content=\"2024-09-27T08:12:14+00:00\" \/>\n<meta name=\"twitter:card\" content=\"summary_large_image\" \/>\n<meta name=\"twitter:label1\" content=\"Est. reading time\">\n\t<meta name=\"twitter:data1\" content=\"2 minutes\">\n<script type=\"application\/ld+json\" class=\"yoast-schema-graph\">{\"@context\":\"https:\/\/schema.org\",\"@graph\":[{\"@type\":\"WebSite\",\"@id\":\"http:\/\/francogaffuri.com\/#website\",\"url\":\"http:\/\/francogaffuri.com\/\",\"name\":\"Francogaffuri.com\",\"description\":\"grafica e comunicazione\",\"potentialAction\":[{\"@type\":\"SearchAction\",\"target\":\"http:\/\/francogaffuri.com\/?s={search_term_string}\",\"query-input\":\"required name=search_term_string\"}],\"inLanguage\":\"en-US\"},{\"@type\":\"WebPage\",\"@id\":\"https:\/\/francogaffuri.com\/?page_id=4693#webpage\",\"url\":\"https:\/\/francogaffuri.com\/?page_id=4693\",\"name\":\"Federacciai - Franco Gaffuri\",\"isPartOf\":{\"@id\":\"http:\/\/francogaffuri.com\/#website\"},\"datePublished\":\"2020-10-28T13:49:33+00:00\",\"dateModified\":\"2024-09-27T08:12:14+00:00\",\"breadcrumb\":{\"@id\":\"https:\/\/francogaffuri.com\/?page_id=4693#breadcrumb\"},\"inLanguage\":\"en-US\",\"potentialAction\":[{\"@type\":\"ReadAction\",\"target\":[\"https:\/\/francogaffuri.com\/?page_id=4693\"]}]},{\"@type\":\"BreadcrumbList\",\"@id\":\"https:\/\/francogaffuri.com\/?page_id=4693#breadcrumb\",\"itemListElement\":[{\"@type\":\"ListItem\",\"position\":1,\"item\":{\"@type\":\"WebPage\",\"@id\":\"https:\/\/francogaffuri.com\/\",\"url\":\"https:\/\/francogaffuri.com\/\",\"name\":\"Home\"}},{\"@type\":\"ListItem\",\"position\":2,\"item\":{\"@type\":\"WebPage\",\"@id\":\"https:\/\/francogaffuri.com\/?page_id=4693\",\"url\":\"https:\/\/francogaffuri.com\/?page_id=4693\",\"name\":\"Federacciai\"}}]}]}<\/script>\n<!-- \/ Yoast SEO plugin. -->","_links":{"self":[{"href":"https:\/\/francogaffuri.com\/index.php?rest_route=\/wp\/v2\/pages\/4693","targetHints":{"allow":["GET"]}}],"collection":[{"href":"https:\/\/francogaffuri.com\/index.php?rest_route=\/wp\/v2\/pages"}],"about":[{"href":"https:\/\/francogaffuri.com\/index.php?rest_route=\/wp\/v2\/types\/page"}],"author":[{"embeddable":true,"href":"https:\/\/francogaffuri.com\/index.php?rest_route=\/wp\/v2\/users\/2"}],"replies":[{"embeddable":true,"href":"https:\/\/francogaffuri.com\/index.php?rest_route=%2Fwp%2Fv2%2Fcomments&post=4693"}],"version-history":[{"count":6,"href":"https:\/\/francogaffuri.com\/index.php?rest_route=\/wp\/v2\/pages\/4693\/revisions"}],"predecessor-version":[{"id":6452,"href":"https:\/\/francogaffuri.com\/index.php?rest_route=\/wp\/v2\/pages\/4693\/revisions\/6452"}],"wp:attachment":[{"href":"https:\/\/francogaffuri.com\/index.php?rest_route=%2Fwp%2Fv2%2Fmedia&parent=4693"}],"curies":[{"name":"wp","href":"https:\/\/api.w.org\/{rel}","templated":true}]}}